 u + 4*u = 10. Let k = u - t. What is the tens digit of k?
1
Let g(y) = y**2 + y + 4. Let r be g(0). Suppose -r*m + 216 = 4*i, 5*m - 152 = i + 124. What is the tens digit of m?
5
Let u(j) = 15*j**3 + 3*j**2 - 2*j - 3. Let d be u(2). Suppose -d + 4 = -y. What is the units digit of y?
1
Let o(x) = x**3 + 12*x**2 + 8*x - 16. What is the tens digit of o(-10)?
0
Suppose -3*w - 3729 - 4212 = -4*t, 0 = 5*t - 3*w - 9927. What is the thousands digit of t?
1
Suppose 5 - 3 = -r, -4*y + 4958 = -r. What is the units digit of y?
9
Suppose -2*b + 1488 = 2*b. Let w = b - 237. Suppose 4*q + 35 = w. What is the units digit of q?
5
Let l = 304 + -210. Suppose 0 = -16*u + 18*u - l. What is the tens digit of u?
4
Suppose -36 = -0*w - 4*w + 5*f, f = -w. What is the units digit of (-3)/21 - ((-1370)/35 - w)?
3
Let o(q) = -8*q + 92. Suppose 10*g - 11*g - 24 = 0. What is the units digit of o(g)?
4
Let n = 1251 - 847. What is the tens digit of n?
0
Let w = -5 - 0. Let f = -8 - w. What is the units digit of -5*((-16)/5 - f)?
1
Let y be (3 - 2)*(3 + -5). What is the tens digit of (1 + y)*-7*5?
3
Suppose -x + 10*t = 14*t - 3378, 5*x + 3*t = 16856. What is the tens digit of x?
7
Suppose 3*p = 160 + 38. Let f = p - 45. What is the units digit of f?
1
Suppose 0 = l + 5*a - 1, -5*a + a = -4*l + 100. Let u be (930/(-2))/(l/(-14)). Suppose 5*r - u = -5*j, -4*j + 3*j - 60 = -r. What is the units digit of r?
1
Let c = -14 - -62. Suppose -6*r + 168 = c. What is the units digit of r?
0
Let r(c) = -3*c + 27. What is the tens digit of r(3)?
1
Suppose 21660 = -34*b + 57734. What is the thousands digit of b?
1
Suppose -3*h = -9*h + 384. Suppose 64 = 4*v - 4*u, -3*u - 12 + h = 2*v. What is the units digit of v?
0
Let a = 90 + -145. Let w be (1 + 332/(-20))*-5. Let m = a + w. What is the tens digit of m?
2
Let c(m) be the second derivative of -m**4/12 - m**3/6 - 15*m**2 - 5*m. Let v be c(0). What is the units digit of ((-12)/10)/(3/v)?
2
Suppose 5*w = 15 - 0. Suppose -w*l - 3*z + z = -77, -2*l + 4*z = -62. What is the units digit of l?
7
Suppose 3*a = 20 - 2. Suppose -2*h = v - 6*h - 8, 4*v = -3*h - a. Let n(m) = -m**3 + m**2 + 2*m + 9. What is the units digit of n(v)?
9
Let q be (198/(-44))/((-3)/4). Suppose q*s - 645 = s. What is the units digit of s?
9
Let v = -300 + 707. What is the units digit of v?
7
Suppose w = -2, h + 5*w - 1205 = 1262. What is the thousands digit of h?
2
Let u(m) = -3*m + 13. Let g be (-1)/6 - (-70)/(-12). What is the units digit of u(g)?
1
What is the units digit of (-57785)/(-60) + (-7)/84?
3
What is the tens digit of 10704/10 + (-92)/230?
7
Let l(n) = 5*n**2 - 32*n - 5. Let x = -119 + 129. What is the tens digit of l(x)?
7
Let y(l) = 9*l - 17. Let s be (2*-1)/((-20)/50). Suppose -s + 1 = 3*h + 5*c, 5*c = 2*h - 39. What is the units digit of y(h)?
6
Let y(p) = -p**3 + 6*p**2 - 10*p + 8. Let q be y(4). Suppose 0 = 2*l - q*l - 98. What is the tens digit of l?
4
Let a = -14 - -9. Let x be (-1)/a + 398/10. Suppose 0 = -29*f + 24*f + x. What is the units digit of f?
8
Suppose 0 = -11*g + 88 + 858. What is the units digit of g?
6
Suppose -2*l + 3*q - 71 = 0, -q = -l + 2*q - 34. Let j = l + 41. Suppose -2 = -3*a + 4, -5*a = -j*o + 230. What is the units digit of o?
0
Let n be ((-6)/9)/(8/(-36)). Let x be 1/n + (-5)/(-3). Let d = x - -17. What is the units digit of d?
9
Let p = 21 + -4. Let s = 57 - p. What is the units digit of s?
0
Suppose -5 = -8*t + 7*t, k = -3*t + 2011. What is the hundreds digit of k?
9
Let g = -522 + 541. Suppose 0 = -o + 5*d + 20, -o + d = 4*d - 20. Let v = o - g. What is the units digit of v?
1
Suppose -25008 + 4453 = -5*m. What is the units digit of m?
1
Let w(k) = -11*k - 23. Let i(x) = x. Let o(p) = -5*i(p) - w(p). What is the tens digit of o(11)?
8
Let c(t) be the first derivative of -t**2/2 - 11*t + 3. Let s be c(0). What is the tens digit of -2*s/(-4)*-2?
1
Let z be 1/2*8 - 1. Suppose -z*y = w + y - 6, 3*w - y = 5. Let c(n) = 2*n**2 - n + 1. What is the units digit of c(w)?
7
Let z = -1499 - -4371. What is the tens digit of z?
7
Suppose 32*j = 2*j + 30750. What is the hundreds digit of j?
0
Let v(a) = -a**3 - 9*a**2 + 4*a - 39. What is the tens digit of v(-10)?
2
Let q = 49 - -89. What is the tens digit of q?
3
Let p = 1542 + -123. What is the units digit of p?
9
Suppose 20232 = 2817*y - 2805*y. What is the hundreds digit of y?
6
Suppose -6*n = -0*n - 12. Suppose n*u - 35 = 181. What is the hundreds digit of u?
1
Let v = -35 + 28. Let d = 53 + v. What is the tens digit of d?
4
What is the tens digit of (32 - 30) + 0 + 3673?
7
Let i be 33/(-44) + (-66)/8. Let p(k) = -21*k - 62. What is the tens digit of p(i)?
2
Let j(r) = 613*r**2 + 5*r - 6. What is the units digit of j(1)?
2
Let a(r) = 4*r**3 + r**2 - 5*r. Let j(d) = d**3 - d**2. Let p(u) = -a(u) + 3*j(u). Let f be p(-5). Suppose 4*t - 144 = -f*t. What is the units digit of t?
6
Suppose -578 = 6*g - 1706. What is the units digit of g/6*(5 + (-6)/3)?
4
Let m(j) be the first derivative of j**3/3 - 2*j**2 - 7*j + 138. Let v = -15 + 21. What is the units digit of m(v)?
5
Let m = 14 + -12. Let w = m + -10. Let k(u) = -u**3 - 8*u**2 - 3*u + 2. What is the units digit of k(w)?
6
Suppose -8 = -3*g + 4*d + 10, -5*d = 0. Let z(y) = 2*y**2 - 2*y + 6. What is the tens digit of z(g)?
6
Suppose 380*f = 402*f - 50754. What is the tens digit of f?
0
Let d be 6 - 3/(-9)*-3. Suppose 2*h - d = 1. Suppose 2*p + h = p, 2*p = -5*m + 44. What is the tens digit of m?
1
Let r(b) = -b + 53. Let o be r(0). Let x = o + -14. What is the tens digit of x?
3
Let y = 88 + -77. Suppose 66 = -y*q + 352. What is the tens digit of q?
2
Suppose -y = -5*x + 251, -x + 99 = x + y. Suppose 3*k = x + 25. What is the tens digit of (-1)/(-10)*8*k?
2
Suppose u - z - 2*z - 3 = 0, -3*z - 57 = -4*u. Let y = 18 + u. What is the units digit of y?
6
Let i(n) = -2*n**2 - 11*n - 5. Let w be i(-5). Suppose 3*k + 255 = 5*c - 2*k, w = 4*c + k - 229. What is the units digit of c?
6
Let n be (-67)/2 + (-26)/(-4) + -6. Let p = n + 51. What is the units digit of p?
8
Let q be ((-42)/28)/((-1)/(-10)). Let r = q - 6. What is the tens digit of (3 + 20/(-3))*r?
7
What is the tens digit of (-1)/(-2)*6 + 50284/26?
3
Let p = -148 - -150. Let u(z) = 15*z**2 - 2 + 0*z + 0*z. What is the units digit of u(p)?
8
Suppose -39 = -3*d + 81. Suppose -5*o - 250 + 90 = 0. Let r = d + o. What is the units digit of r?
8
Suppose 4*w - 22972 = 4*n - 8*n, 3*n - 17213 = w. What is the units digit of n?
9
Let c(w) be the second derivative of 3*w**3/2 + 6*w. Suppose -2*r + 1 = -1. What is the units digit of c(r)?
9
Let s be (-3)/9 - (-184)/12. Let b be 6/30 - (-957)/s. Let c = -14 + b. What is the units digit of c?
0
Suppose -3*f - 16 = -7*f. Suppose -2*w = f*k - 132, 4*w - 206 = w + 2*k. What is the tens digit of w?
6
Let h(m) = 11*m**2 + 6*m + 3. Let g be (18/15)/((-24)/80). What is the hundreds digit of h(g)?
1
Let m(o) = -15*o + 1. Let h be m(9). Let a = -101 - h. What is the tens digit of a?
3
Let j = 32 + -203. What is the tens digit of ((-4)/6)/(2/j)?
5
Let u be (4/10)/(5/25). Let s(y) = 19*y**2 + 2*y - 3. What is the units digit of s(u)?
7
What is the tens digit of 27/(-6)*3094/(-51)?
7
Suppose 968 = k + 358. Suppose 3*j + 5*x = 570 + 56, -x = 3*j - k. What is the hundreds digit of j?
2
Let u = 7 + 41. Suppose 3*m - 3*y = 54, 4*y - u + 16 = -4*m. Suppose 3*x + m - 46 = 0. What is the tens digit of x?
1
Suppose -97*p + 95*p + 808 = 0. What is the hundreds digit of p?
4
Let j be (-12)/(-28) - (-4)/7. Let o be ((-3)/j)/(-7 - -6). Suppose -3*f + 158 = 7*p - o*p, 0 = f - 4*p - 58. What is the tens digit of f?
5
Let n(x) = x**3 + 8*x**2 + 5*x - 5. Suppose 0*f - 4 = -2*f, -3*i = -5*f + 25. What is the units digit of n(i)?
5
Let c = 1 - -1. Let l = 3 - 3. Suppose c*g - 8 = l, 4*k + 6 = 2*g + 22. What is the units digit of k?
6
Suppose -5*u + u - 416 = -5*n, -n + 76 = u. What is the units digit of n?
0
Suppose -z - 17 = -5*k - 0*z, 5 = -k - 4*z. Suppose -57 = -k*q + 63. What is the tens digit of q?
4
Let m = 11 - 8. Suppose w = -2*o + 5*o - 115, -3*w = -2*o + 65. Suppose -2*n + m*n = o. What is the tens digit of n?
4
Let x(r) = 6*r - 3. Let c(z) = -z. Let u(g) = 2*c(g) - x(g). What is the units digit of u(-4)?
5
Let k(n) = 2*n - 26. Let t be k(11). Let l be (10/4)/(2/t